{"id":8078,"date":"2024-08-31T10:39:19","date_gmt":"2024-08-31T10:39:19","guid":{"rendered":"https:\/\/www.materialnaszostke.pl\/?post_type=product&#038;p=8078"},"modified":"2024-11-05T20:51:17","modified_gmt":"2024-11-05T19:51:17","slug":"testy-sprawdziany-kartkowki-odpowiedzi-biologia-na-czasie-zp-1-nowa-era","status":"publish","type":"product","link":"https:\/\/www.materialnaszostke.pl\/index.php\/produkt\/testy-sprawdziany-kartkowki-odpowiedzi-biologia-na-czasie-zp-1-nowa-era\/","title":{"rendered":"Testy, sprawdziany, kartk\u00f3wki, odpowiedzi Biologia na czasie zp 1 Nowa Era"},"content":{"rendered":"<div class=\"product-content \">\n<h5>Pobranie materia\u0142\u00f3w mo\u017cliwe zaraz po z\u0142o\u017ceniu zam\u00f3wienia. (Dost\u0119pne przez 30 dni). Pliki nale\u017cy rozpakowa\u0107. S\u0105 to pdf -y. Prosz\u0119 zapisa\u0107 pliki na komputerze.<\/h5>\n<\/div>\n","protected":false},"excerpt":{"rendered":"<p><strong>TESTY Biologia na czasie 1 zp Nowa Era liceum, technikum:<\/strong><\/p>\n<ul>\n<li><em>sprawdziany,<\/em><\/li>\n<li><em>generator zakres podstawowy,<\/em><\/li>\n<li><em>odpowiedzi,<\/em><\/li>\n<li><em>pdf<\/em><\/li>\n<\/ul>\n<h4>Zapraszam r\u00f3wnie\u017c po inne materia\u0142y do innych przedmiot\u00f3w i klas. Szeroki wyb\u00f3r.<\/h4>\n","protected":false},"featured_media":8079,"template":"","meta":[],"product_brand":[],"product_cat":[203],"product_tag":[52,208,330,77,57,71,54],"class_list":{"0":"post-8078","1":"product","2":"type-product","3":"status-publish","4":"has-post-thumbnail","6":"product_cat-szkola-srednia","7":"product_tag-kartkowki","8":"product_tag-materialy-nauczyciela","9":"product_tag-odpowiedzi-biologia-na-czasie-zp-1-nowa-era","10":"product_tag-pdf","11":"product_tag-sprawdziany","12":"product_tag-szkola-srednia","13":"product_tag-testy","15":"first","16":"instock","17":"downloadable","18":"virtual","19":"purchasable","20":"product-type-simple"},"_links":{"self":[{"href":"https:\/\/www.materialnaszostke.pl\/index.php\/wp-json\/wp\/v2\/product\/8078"}],"collection":[{"href":"https:\/\/www.materialnaszostke.pl\/index.php\/wp-json\/wp\/v2\/product"}],"about":[{"href":"https:\/\/www.materialnaszostke.pl\/index.php\/wp-json\/wp\/v2\/types\/product"}],"wp:featuredmedia":[{"embeddable":true,"href":"https:\/\/www.materialnaszostke.pl\/index.php\/wp-json\/wp\/v2\/media\/8079"}],"wp:attachment":[{"href":"https:\/\/www.materialnaszostke.pl\/index.php\/wp-json\/wp\/v2\/media?parent=8078"}],"wp:term":[{"taxonomy":"product_brand","embeddable":true,"href":"https:\/\/www.materialnaszostke.pl\/index.php\/wp-json\/wp\/v2\/product_brand?post=8078"},{"taxonomy":"product_cat","embeddable":true,"href":"https:\/\/www.materialnaszostke.pl\/index.php\/wp-json\/wp\/v2\/product_cat?post=8078"},{"taxonomy":"product_tag","embeddable":true,"href":"https:\/\/www.materialnaszostke.pl\/index.php\/wp-json\/wp\/v2\/product_tag?post=8078"}],"curies":[{"name":"wp","href":"https:\/\/api.w.org\/{rel}","templated":true}]}}