{"id":7786,"date":"2024-08-09T10:43:41","date_gmt":"2024-08-09T10:43:41","guid":{"rendered":"http:\/\/www.materialnaszostke.pl\/?post_type=product&#038;p=7786"},"modified":"2024-09-22T09:18:53","modified_gmt":"2024-09-22T09:18:53","slug":"bugs-team-kl-2-testy-nagrania-audio-odpowiedzi-macmillan","status":"publish","type":"product","link":"https:\/\/www.materialnaszostke.pl\/index.php\/produkt\/bugs-team-kl-2-testy-nagrania-audio-odpowiedzi-macmillan\/","title":{"rendered":"Bugs Team kl. 2. testy, nagrania audio, odpowiedzi Macmillan"},"content":{"rendered":"<p>Pobranie materia\u0142\u00f3w mo\u017cliwe zaraz po z\u0142o\u017ceniu zam\u00f3wienia. (Dost\u0119pne przez 30 dni). Pliki nale\u017cy rozpakowa\u0107. S\u0105 to pdf -y. Prosz\u0119 zapisa\u0107 pliki na komputerze.<\/p>\n","protected":false},"excerpt":{"rendered":"<p>Posiadam bardzo przydatne materia\u0142y do ksi\u0105\u017cki Bugs Team kl.2.\u00a0 W zestawie znajduj\u0105 si\u0119:<\/p>\n<p>&#8211; testy\/ sprawdziany rozdzia\u0142owe,<br \/>\n&#8211; odpowiedzi do test\u00f3w\/sprawdzian\u00f3w,<br \/>\n&#8211; testy kumulatywne,<br \/>\n&#8211; odpowiedzi do test\u00f3w kumulatywnych,<br \/>\n&#8211; nagrania audio do test\u00f3w,<br \/>\n&#8211; ksi\u0105\u017cka nauczyciela,<br \/>\n&#8211; dodatki,<\/p>\n<p>Posiadam r\u00f3wnie\u017c inne materia\u0142y do innych przedmiot\u00f3w i klas. Szeroki wyb\u00f3r.<br \/>\nZapraszam do kontaktu.<\/p>\n","protected":false},"featured_media":7783,"template":"","meta":[],"product_brand":[],"product_cat":[201],"product_tag":[200,52,202,191,74,73,57,66,54],"class_list":{"0":"post-7786","1":"product","2":"type-product","3":"status-publish","4":"has-post-thumbnail","6":"product_cat-klasa-2-szkola-podstawowa","7":"product_tag-bugs-team","8":"product_tag-kartkowki","9":"product_tag-klasa-2","10":"product_tag-macmillan","11":"product_tag-nagrania-audio","12":"product_tag-odpowiedzi","13":"product_tag-sprawdziany","14":"product_tag-szkolapodstawowa","15":"product_tag-testy","17":"first","18":"instock","19":"downloadable","20":"virtual","21":"purchasable","22":"product-type-simple"},"_links":{"self":[{"href":"https:\/\/www.materialnaszostke.pl\/index.php\/wp-json\/wp\/v2\/product\/7786"}],"collection":[{"href":"https:\/\/www.materialnaszostke.pl\/index.php\/wp-json\/wp\/v2\/product"}],"about":[{"href":"https:\/\/www.materialnaszostke.pl\/index.php\/wp-json\/wp\/v2\/types\/product"}],"wp:featuredmedia":[{"embeddable":true,"href":"https:\/\/www.materialnaszostke.pl\/index.php\/wp-json\/wp\/v2\/media\/7783"}],"wp:attachment":[{"href":"https:\/\/www.materialnaszostke.pl\/index.php\/wp-json\/wp\/v2\/media?parent=7786"}],"wp:term":[{"taxonomy":"product_brand","embeddable":true,"href":"https:\/\/www.materialnaszostke.pl\/index.php\/wp-json\/wp\/v2\/product_brand?post=7786"},{"taxonomy":"product_cat","embeddable":true,"href":"https:\/\/www.materialnaszostke.pl\/index.php\/wp-json\/wp\/v2\/product_cat?post=7786"},{"taxonomy":"product_tag","embeddable":true,"href":"https:\/\/www.materialnaszostke.pl\/index.php\/wp-json\/wp\/v2\/product_tag?post=7786"}],"curies":[{"name":"wp","href":"https:\/\/api.w.org\/{rel}","templated":true}]}}