{"id":7766,"date":"2024-08-08T08:12:16","date_gmt":"2024-08-08T08:12:16","guid":{"rendered":"http:\/\/www.materialnaszostke.pl\/?post_type=product&#038;p=7766"},"modified":"2024-10-07T19:40:19","modified_gmt":"2024-10-07T19:40:19","slug":"testy-kartkowki-do-repetytorium-osmoklasisty-macmillan-czesc-1-kl-7","status":"publish","type":"product","link":"https:\/\/www.materialnaszostke.pl\/index.php\/produkt\/testy-kartkowki-do-repetytorium-osmoklasisty-macmillan-czesc-1-kl-7\/","title":{"rendered":"Testy, kartk\u00f3wki do Repetytorium \u00d3smoklasisty Macmillan cz\u0119\u015b\u0107 1 kl 7"},"content":{"rendered":"<p>Pobranie materia\u0142\u00f3w mo\u017cliwe zaraz po z\u0142o\u017ceniu zam\u00f3wienia. (Dost\u0119pne przez 30 dni). Pliki nale\u017cy rozpakowa\u0107. S\u0105 to pdf -y. Prosz\u0119 zapisa\u0107 pliki na komputerze.<\/p>\n","protected":false},"excerpt":{"rendered":"<p>Zapraszam po materia\u0142y nauczyciela:<\/p>\n<p>testy,<br \/>\nkartk\u00f3wki,<br \/>\nodpowiedzi,<br \/>\nnagrania audio<br \/>\nodpowiedzi do ksi\u0105\u017cek ucznia<\/p>\n<p>do repetytorium \u00f3smoklasisty Macmillan cz\u0119\u015b\u0107 1 z j\u0119zyka angielskiego.<\/p>\n<p>Materia\u0142y wysy\u0142am na e-mail.<br \/>\nZapraszam r\u00f3wnie\u017c po inne materia\u0142y do innych przedmiot\u00f3w i klas. Szeroki wyb\u00f3r.<\/p>\n","protected":false},"featured_media":7769,"template":"","meta":[],"product_brand":[],"product_cat":[195],"product_tag":[52,196,191,74,73,123,57,54],"class_list":{"0":"post-7766","1":"product","2":"type-product","3":"status-publish","4":"has-post-thumbnail","6":"product_cat-klasa-7-szkola-podstawowa","7":"product_tag-kartkowki","8":"product_tag-klasa-7","9":"product_tag-macmillan","10":"product_tag-nagrania-audio","11":"product_tag-odpowiedzi","12":"product_tag-repetytorium","13":"product_tag-sprawdziany","14":"product_tag-testy","16":"first","17":"instock","18":"downloadable","19":"virtual","20":"purchasable","21":"product-type-simple"},"_links":{"self":[{"href":"https:\/\/www.materialnaszostke.pl\/index.php\/wp-json\/wp\/v2\/product\/7766"}],"collection":[{"href":"https:\/\/www.materialnaszostke.pl\/index.php\/wp-json\/wp\/v2\/product"}],"about":[{"href":"https:\/\/www.materialnaszostke.pl\/index.php\/wp-json\/wp\/v2\/types\/product"}],"wp:featuredmedia":[{"embeddable":true,"href":"https:\/\/www.materialnaszostke.pl\/index.php\/wp-json\/wp\/v2\/media\/7769"}],"wp:attachment":[{"href":"https:\/\/www.materialnaszostke.pl\/index.php\/wp-json\/wp\/v2\/media?parent=7766"}],"wp:term":[{"taxonomy":"product_brand","embeddable":true,"href":"https:\/\/www.materialnaszostke.pl\/index.php\/wp-json\/wp\/v2\/product_brand?post=7766"},{"taxonomy":"product_cat","embeddable":true,"href":"https:\/\/www.materialnaszostke.pl\/index.php\/wp-json\/wp\/v2\/product_cat?post=7766"},{"taxonomy":"product_tag","embeddable":true,"href":"https:\/\/www.materialnaszostke.pl\/index.php\/wp-json\/wp\/v2\/product_tag?post=7766"}],"curies":[{"name":"wp","href":"https:\/\/api.w.org\/{rel}","templated":true}]}}